 Is 5 a factor of u(14)?
True
Let c(r) = r**2 - 10*r - 7. Let q(m) be the first derivative of m**3/3 - 11*m**2/2 - 8*m + 3. Let x(i) = 6*c(i) - 5*q(i). Is x(7) a multiple of 12?
True
Let h be ((-3)/12)/(1/(-4)). Let o be 2 + 0/(3/h). Suppose -y + 7 = -w, -o*w = -4*y - 7*w + 73. Is y a multiple of 10?
False
Suppose -4*v + 3*v = -35. Is v a multiple of 10?
False
Suppose 4*n = 3*z + 40, -z - z = -3*n + 30. Suppose 5*h = -n, -63 - 61 = -3*j - h. Is 13 a factor of j?
False
Suppose 4*f - 36 = -f + d, -3*f + 4 = -5*d. Is f a multiple of 4?
True
Suppose -3*t - 4 - 2 = 0. Suppose 3*z = -0*z + 21. Is 660/42 - t/z a multiple of 16?
True
Does 15 divide 0 + 1 + 108 + 1 + -5?
True
Let r(g) = -g**2 - 9*g + 12. Let s = 3 + -13. Let n be r(s). Suppose -p - 3*y = 0, n*p + 0*p - 3*y - 9 = 0. Does 3 divide p?
True
Suppose 7*y + 269 = 3*w + 3*y, 2*w - 3*y - 181 = 0. Does 9 divide w?
False
Suppose 35 + 19 = 3*r. Is 3 a factor of r?
True
Let s(y) = 9*y - 18. Does 13 divide s(8)?
False
Let z(l) = 2*l - 22. Does 5 divide z(21)?
True
Let x = 5 - 12. Let z(b) = -b**3 - 4*b + 8*b - 10*b**2 + 4*b**2 + 2. Does 18 divide z(x)?
False
Let r = -15 + -10. Let a be (r/(-20))/(2/(-8)). Is 12 a factor of (-2)/a - 98/(-5)?
False
Let j = -1 + 2. Let w = 27 - j. Does 10 divide w?
False
Let w(h) = -h**3 - 23*h**2 - 25*h + 46. Is w(-22) a multiple of 14?
True
Is ((-2)/(-4))/((36/(-104))/(-9)) a multiple of 4?
False
Let n(b) = b**3 + 10*b**2 + 10*b + 12. Is n(-9) even?
False
Let k = -148 + 294. Is k a multiple of 24?
False
Suppose 0 = -5*c + 4*c + 114. Is 40 a factor of c?
False
Suppose n + 11 = 5*k - 1, 8 = -k - 5*n. Suppose -110 = -k*f - 3*f. Is 14 a factor of f?
False
Let n = 2 - -4. Let q(d) = -d**3 + 10*d**2 - 8*d - 6. Let f be q(n). Let r = f - 63. Is 9 a factor of r?
True
Let v = 19 + 1. Let l be 1/(-4) + (-155)/v. Does 16 divide ((-30)/l)/((-2)/(-24))?
False
Let r = -29 - -56. Is 18 a factor of r?
False
Let p(f) = f - 7. Let r(d) = 2*d - 14. Suppose 0 = x - 3*x - 10. Let c(m) = x*p(m) + 2*r(m). Does 3 divide c(0)?
False
Let l(r) = r**2 + 2*r - 1. Let i be l(-3). Let n = 1 - i. Let h = n + 3. Is h a multiple of 2?
True
Let p = -6 - -4. Let b(l) = -18*l + 2. Is 19 a factor of b(p)?
True
Let k(n) = n + 3. Let o be k(3). Suppose o*s = s. Suppose s = p + 4*p - 140. Is p a multiple of 14?
True
Suppose 2*x = 5*x - 12. Is ((-2)/x)/((-1)/42) a multiple of 12?
False
Suppose 0*l = -q + l + 108, 0 = 4*q + 5*l - 432. Let v = -74 + q. Is v a multiple of 17?
True
Let m = -5 + 10. Let x be m + (-1)/(1/2). Suppose 12 + 17 = x*w + 2*s, 3*s = -4*w + 38. Does 6 divide w?
False
Suppose a - 4 = -7. Let p = 0 + a. Does 10 divide (-120)/9*p/2?
True
Suppose 4*c = 12*c - 768. Does 24 divide c?
True
Is (-14)/(0 + (-2)/2) a multiple of 4?
False
Let q(c) = -7*c + 4. Suppose 3*z + p - 5 = 0, -12 = -5*z + 6*p - 4*p. Let n(o) = o - 1. Let v(x) = z*q(x) + 10*n(x). Is v(-4) a multiple of 7?
True
Let h(a) = -71*a. Let g be h(-1). Let t = 101 - g. Does 15 divide t?
True
Let m be ((-4)/10)/((-4)/20). Suppose 2*q - 24 = -2*q. Let c = q + m. Does 3 divide c?
False
Let u = 7 - 3. Suppose 100 = u*s + s. Suppose 4*f + 3*i = 40, -2*f + i + i + s = 0. Is f a multiple of 8?
False
Let v(h) = 89*h - 9. Does 13 divide v(2)?
True
Suppose 882 = 10*m - 3*m. Is 14 a factor of m?
True
Suppose 0 = -4*g - 20 + 68. Is 9 a factor of g?
False
Suppose 45 - 18 = h. Is h a multiple of 8?
False
Let r be 1248/(-27) + (-6)/(-27). Let m = r - -64. Is m a multiple of 6?
True
Let a be (5 - -1)*(-7)/2. Let b = -15 - a. Does 2 divide ((-3)/2)/(b/(-16))?
True
Suppose 3*b + 1038 = 3*k, -k = 2*k - b - 1036. Is 20 a factor of k?
False
Let a(k) = -5 + k + 4*k**2 - 2*k - 6*k + k**3. Does 19 divide a(-4)?
False
Suppose l = -3*f - 2 + 7, -4*f = 3*l. Suppose -5*h + 4*r - 13 = 0, f*h - 1 + 4 = 4*r. Let t(d) = -d**3 - 4*d**2 + 5*d + 6. Does 3 divide t(h)?
True
Suppose -f + 1 = 2. Let g(i) = 38*i**2 - i - 1. Let r be g(f). Suppose d + 6*c + 10 = c, -2*c = -3*d + r. Is 5 a factor of d?
True
Let m = 100 + -68. Is m a multiple of 13?
False
Suppose 0 = -d - v + 6, -15*d + 20*d + 2*v - 33 = 0. Is 3 a factor of d?
False
Suppose 7*a - 185 = 2*a. Suppose -5*f = -2*s + a, -3*f + 15 + 14 = 2*s. Is 12 a factor of s?
False
Suppose 0 = 2*o - 3 + 1. Let l be (-6)/(-2 - (-4 + o)). Let r(u) = -3*u - 3. Does 15 divide r(l)?
True
Let m = -312 - -446. Is 18 a factor of m?
False
Let j(f) be the second derivative of f**4/12 + f**3/2 - f**2/2 + 3*f. Is 3 a factor of j(2)?
True
Let t(s) = 176*s + 6. Is 26 a factor of t(1)?
True
Suppose 2*g + 39 = 3*v, 3*g = 5*v - 92 + 33. Is (3 - g)/(1/5) a multiple of 35?
True
Let b(f) = -f**2 + 2*f. Let v be b(2). Suppose v = c + 2*c. Let x(r) = r + 10. Does 5 divide x(c)?
True
Suppose 3*o - 915 = -5*l, -o = 3*l + o - 550. Suppose 2*u = -3*u + l. Let d = 51 - u. Is 10 a factor of d?
False
Let o = 53 - 36. Does 17 divide o?
True
Suppose t - 6 = -2*t. Suppose -t*m + 104 = 2*m. Is m a multiple of 13?
True
Let f = -75 - -94. Is 14 a factor of f?
False
Suppose -11 - 5 = -4*g. Is g/14 - 687/(-21) a multiple of 26?
False
Let b(s) = s**2 + 4*s - 14. Does 3 divide b(-8)?
True
Let j(r) = -2*r - 7. Let z be j(-8). Let x(v) = -z*v + 11*v + 13*v. Is 11 a factor of x(1)?
False
Let t = 102 + -49. Is 3 a factor of t?
False
Let f = -28 - -39. Does 3 divide f?
False
Let b(a) = -9*a - 32. Is 6 a factor of b(-6)?
False
Let r(u) = -1 + 5*u**2 - u**2 + 3*u**2 + 2 - 3*u + u**3. Let t be r(-5). Let w = t + -44. Is 8 a factor of w?
False
Let d(l) = -1 + 3*l - l**2 - l - 3*l. Let b be d(-1). Does 12 divide b*(-34 - (-3 - -5))?
True
Suppose f + 6 - 19 = -4*t, -7 = -2*t - f. Suppose -4*x - 2*c = -31 - 49, -t*c + 12 = 0. Is x a multiple of 12?
False
Let t be (20/6 - 3)*-3. Let d = 26 - t. Is d a multiple of 27?
True
Suppose 2*f - 2*j - 26 = 0, 5*f + 4*j = 3*j + 71. Does 9 divide f?
False
Let r = -4 + 4. Suppose -3*q + t + 3 = 0, 2*q + r*q = -5*t - 15. Suppose -2*y + 2*o + 42 = -q*o, -102 = -4*y - 2*o. Is 20 a factor of y?
False
Suppose -d - 4*a + 85 = 0, -5 = d - 4*a - 66. Is d a multiple of 21?
False
Is (-1 - (3 + 0)) + 17 a multiple of 13?
True
Let h = 104 + -96. Does 8 divide h?
True
Let r(q) = -q**3 + q**2 + 5*q + 2. Is 9 a factor of r(-6)?
False
Suppose -2*j = -3*j + 4. Suppose -2*h - j = -12. Suppose 3 = u, 20 = h*d + 3*u + u. Is d even?
True
Suppose 7*b = 2*b + 340. Is b a multiple of 17?
True
Suppose 2*i = -2*k + 42, 7*i - 2*i - 129 = k. Is i a multiple of 25?
True
Let j be (11/22)/((-2)/324). Let m be (1*-115)/(-1 + 0). Let n = m + j. Does 14 divide n?
False
Let r(q) = -q + 44. Suppose -3*f + 3 = -5*o - 0*f, 5*f - 5 = -4*o. Is r(o) a multiple of 15?
False
Let v = 41 - 9. Let x = 78 - v. Does 7 divide x?
False
Let q(s) = s**3 + 7*s**2 - 7*s - 5. Let u be q(-7). Suppose 61 = 5*w - u. Does 8 divide w?
False
Let j(v) = v**3 + 4*v**2 - 2*v. Let r(m) = 5*m + 4. Let p be r(-3). Let s(o) = 6*o**3 + 21*o**2 - 10*o + 1. Let i(y) = p*j(y) + 2*s(y). Does 6 divide i(2)?
True
Suppose -30 = g + 4*g. Does 11 divide g/(-2 + -1) + 15?
False
Let c = -9 - -8. Let y be (c - 0)*(4 + 1). Let i(j) = -j**2 - 9*j + 2. Is i(y) a multiple of 22?
True
Let j be -46 + 1 + -3 + 4. Let g = -31 - j. Is 7 a factor of g?
False
Let i = 12 + -9. Is 9 a factor of 0/i + 13 + -4?
True
Let l be (-2)/(9/(-6) + 1). Suppose 4 = j - l*g - 3, 4 = -4*g. Suppose 16 = -2*x + j*x. Is x a multiple of 8?
True
Let y = -43 - -94. Is y a multiple of 16?
False
Let j be (-1)/2 - 22/4. Let q = j + 12. Does 3 divide q?
True
Suppose -8*m = -5*m - 102. Is 34 a factor of m?
True
Let g = 39 - 21. Suppose 4 = -o + g. Suppose -i + 4*s = -o, 2*i + 5*s = 3*s + 78. Is 17 a factor of i?
True
Let h(s) = -s**3 + 8*s**2 - 4*s - 8. Does 5 divide h(4)?
True
Let t(s) = 15 + 0 + 39*s - 15*s - 23*s. Does 20 divide t(7)?
False
Let k(c) = -c + 7. Let d(i) = 8. Let z(t) = 4*d(t) - 5*k(t). Is z(7) a multiple of 10?
False
Let a be -2 - -6 - 2/(-2). Suppose -l = -5, a*t - 4*l - 11 - 69 = 0. Is 7 a factor of t?
False
Let r = -13 - -5. Let b(l) = -2*l. Is 6 a factor of b(r)?
False
Suppose -3*n + 110 = 5*b, 3*b - 34 - 8 = -n. Is n a multiple of 5?
True
Let w(u) = -u**2 - 4*u - 11. Let d(x) = 2*x**2 + 9*x + 22. Let m(j) = -2*d(j) - 5*w(j). Is 14 a factor of m(5)?
False
Let s(v) = -v**3 - 4*v**2 - v + 1. Let u = 5 + -9. Let t be s(u). Suppose -t*d